is divided by 235.
226
What is the remainder when 1440357 is divided by 189?
177
Calculate the remainder when 8125443 is divided by 1293.
231
What is the remainder when 57932171 is divided by 165?
11
What is the remainder when 1758123 is divided by 47500?
623
Calculate the remainder when 12986212 is divided by 323.
320
Calculate the remainder when 2168464 is divided by 1084079.
306
Calculate the remainder when 1167562 is divided by 129716.
118
Calculate the remainder when 1595645 is divided by 1595613.
32
Calculate the remainder when 8966863 is divided by 14233.
73
What is the remainder when 305315 is divided by 16961?
17
Calculate the remainder when 56667 is divided by 8093.
16
Calculate the remainder when 186075 is divided by 1425.
825
Calculate the remainder when 328952 is divided by 10279.
24
Calculate the remainder when 256138 is divided by 7651.
3655
What is the remainder when 27584 is divided by 8097?
3293
What is the remainder when 25855089 is divided by 2154588?
33
What is the remainder when 974634 is divided by 3883?
1
What is the remainder when 17527 is divided by 2941?
2822
What is the remainder when 12237 is divided by 11276?
961
Calculate the remainder when 23756215 is divided by 41315.
90
What is the remainder when 13619 is divided by 1703?
1698
Calculate the remainder when 20138886 is divided by 393.
387
Calculate the remainder when 614396229 is divided by 204798742.
3
Calculate the remainder when 31711734 is divided by 311.
308
What is the remainder when 140699854 is divided by 568?
6
What is the remainder when 94082 is divided by 1010?
152
Calculate the remainder when 839432 is divided by 6082.
116
What is the remainder when 1377746 is divided by 1002?
998
Calculate the remainder when 351520 is divided by 39043.
133
What is the remainder when 14815962 is divided by 1576?
1562
What is the remainder when 1151149 is divided by 287406?
1525
What is the remainder when 462276 is divided by 4317?
357
Calculate the remainder when 297365 is divided by 22872.
29
Calculate the remainder when 13844158 is divided by 855.
853
What is the remainder when 209028 is divided by 155?
88
Calculate the remainder when 1426422 is divided by 122.
120
Calculate the remainder when 53448432 is divided by 69.
66
What is the remainder when 20659557 is divided by 96?
69
Calculate the remainder when 9033429 is divided by 821220.
9
Calculate the remainder when 1071233 is divided by 5640.
5273
Calculate the remainder when 2280164 is divided by 420.
404
Calculate the remainder when 80789 is divided by 3368.
3325
What is the remainder when 271248 is divided by 38071?
4751
Calculate the remainder when 505463 is divided by 4580.
1663
What is the remainder when 264320823 is divided by 118?
115
What is the remainder when 1458341 is divided by 336?
101
What is the remainder when 10685286 is divided by 1356?
6
Calculate the remainder when 48957 is divided by 3714.
675
Calculate the remainder when 993568 is divided by 496768.
32
Calculate the remainder when 38878 is divided by 29.
18
Calculate the remainder when 5377231 is divided by 1792375.
106
What is the remainder when 123358 is divided by 9489?
1
What is the remainder when 875872 is divided by 291806?
454
What is the remainder when 401619446 is divided by 25?
21
What is the remainder when 83923 is divided by 20875?
423
Calculate the remainder when 14175396 is divided by 77040.
36
What is the remainder when 57349 is divided by 2332?
1381
Calculate the remainder when 183323 is divided by 2182.
35
Calculate the remainder when 170705 is divided by 4351.
1016
Calculate the remainder when 2247130 is divided by 116.
94
What is the remainder when 3245480 is divided by 199?
188
What is the remainder when 1010507 is divided by 4303?
3605
What is the remainder when 256870 is divided by 42808?
22
What is the remainder when 13841517 is divided by 165?
162
What is the remainder when 1345566 is divided by 107?
41
Calculate the remainder when 109414390 is divided by 289456.
22
Calculate the remainder when 831698 is divided by 1115.
1023
What is the remainder when 5672033 is divided by 88?
81
What is the remainder when 188744 is divided by 3278?
1898
Calculate the remainder when 228694 is divided by 726.
4
What is the remainder when 1146735 is divided by 13983?
129
What is the remainder when 6552524 is divided by 1979?
55
What is the remainder when 526354 is divided by 263177?
0
Calculate the remainder when 301472 is divided by 533.
327
Calculate the remainder when 50123 is divided by 15675.
3098
Calculate the remainder when 6532269 is divided by 10797.
84
Calculate the remainder when 6853122 is divided by 2646.
2628
What is the remainder when 241787 is divided by 1431?
1379
What is the remainder when 5872724 is divided by 607?
606
Calculate the remainder when 25850246 is divided by 380.
366
What is the remainder when 2253727 is divided by 56343?
7
Calculate the remainder when 935301 is divided by 2.
1
Calculate the remainder when 1038949 is divided by 811.
58
What is the remainder when 9200395 is divided by 400?
395
Calculate the remainder when 1645043 is divided by 91387.
77
What is the remainder when 289135 is divided by 41253?
364
What is the remainder when 353922285 is divided by 8?
5
Calculate the remainder when 1571644 is divided by 3040.
3004
What is the remainder when 58952876 is divided by 280?
276
Calculate the remainder when 12148787 is divided by 2597.
21
Calculate the remainder when 195025919 is divided by 1280.
1279
What is the remainder when 32812027 is divided by 64?
59
Calculate the remainder when 4164291 is divided by 4164258.
33
What is the remainder when 833663 is divided by 525?
488
What is the remainder when 13440154 is divided by 4480050?
4
What is the remainder when 1385695 is divided by 106591?
12
Calculate the remainder when 356518 is divided by 2494.
2370
Calculate the remainder when 36331 is divided by 17754.
823
What is the remainder when 629021 is divided by 102?
89
What is the remainder when 7623839 is divided by 1266?
1253
Calculate the remainder when 188114 is divided by 2275.
1564
Calculate the remainder when 39162 is divided by 19237.
688
What is the remainder when 5646 is divided by 1121?
41
Calculate the remainder when 137491 is divided by 4019.
845
What is the remainder when 3817 is divided by 2723?
1094
What is the remainder when 34816571 is divided by 4507?
4503
Calculate the remainder when 622023 is divided by 10540.
163
What is the remainder when 394249 is divided by 2134?
1593
What is the remainder when 1256961 is divided by 5?
1
What is the remainder when 5176948 is divided by 44?
40
What is the remainder when 9904480 is divided by 3704?
3688
What is the remainder when 962595916 is divided by 220?
216
Calculate the remainder when 4907525 is divided by 1409.
1387
Calculate the remainder when 278997 is divided by 55798.
7
Calculate the remainder when 89582540 is divided by 53.
32
What is the remainder when 353537 is divided by 338?
327
Calculate the remainder when 153097 is divided by 8057.
14
Calculate the remainder when 2939787 is divided by 7.
4
What is the remainder when 1368895 is divided by 454751?
4642
Calculate the remainder when 590061 is divided by 25.
11
What is the remainder when 28674947 is divided by 63?
56
Calculate the remainder when 92429 is divided by 112.
29
Calculate the remainder when 25596329 is divided by 1378.
1357
What is the remainder when 1623188 is divided by 162318?
8
Calculate the remainder when 6273836 is divided by 48.
44
Calculate the remainder when 339627 is divided by 68.
35
Calculate the remainder when 1477755 is divided by 82097.
9
What is the remainder when 115269 is divided by 2665?
674
What is the remainder when 585638 is divided by 2461?
2381
What is the remainder when 9219 is divided by 407?
265
Calculate the remainder when 8419876 is divided by 70.
66
What is the remainder when 51091036 is divided by 4466?
4462
What is the remainder when 3080539 is divided by 2624?
2587
Calculate the remainder when 1455391 is divided by 10321.
130
What is the remainder when 216950 is divided by 731?
574
What is the remainder when 12803356 is divided by 27?
10
What is the remainder when 40589 is divided by 6761?
23
Calculate the remainder when 217223 is divi